607?
237
What is the greatest common divisor of 6809 and 44?
11
What is the greatest common factor of 1160816 and 16?
16
What is the highest common divisor of 374 and 163757?
11
Calculate the highest common divisor of 58 and 11455.
29
Calculate the highest common divisor of 97148 and 978.
326
Calculate the highest common factor of 6 and 355098.
6
What is the highest common factor of 170 and 935170?
170
What is the highest common divisor of 592 and 16564?
4
What is the greatest common factor of 44713 and 122?
61
What is the highest common factor of 24673 and 1936?
11
Calculate the greatest common factor of 2192 and 544.
16
Calculate the highest common factor of 1147 and 3317.
31
What is the greatest common factor of 132156 and 90?
18
What is the greatest common factor of 3 and 121926?
3
Calculate the highest common factor of 34170 and 45.
15
Calculate the highest common factor of 168 and 4788.
84
Calculate the highest common divisor of 533 and 205.
41
Calculate the greatest common divisor of 1950 and 97266.
78
What is the greatest common divisor of 217007 and 1015?
203
What is the greatest common divisor of 4662 and 28638?
666
What is the highest common divisor of 558 and 4284?
18
Calculate the greatest common factor of 33 and 49951.
11
What is the greatest common divisor of 2322 and 6063?
129
Calculate the highest common divisor of 69325 and 55225.
1175
What is the greatest common factor of 441 and 1595097?
441
What is the greatest common factor of 7 and 805833?
7
What is the greatest common factor of 166761 and 231?
21
What is the highest common divisor of 222 and 2997?
111
Calculate the greatest common factor of 96 and 3708.
12
Calculate the greatest common factor of 838 and 19.
1
What is the greatest common divisor of 98 and 3521504?
14
Calculate the highest common factor of 891711 and 9.
9
Calculate the greatest common divisor of 199035 and 15.
15
Calculate the highest common divisor of 10 and 456910.
10
Calculate the highest common divisor of 26 and 131807.
13
Calculate the highest common factor of 17 and 68459.
17
Calculate the highest common factor of 154 and 679.
7
Calculate the greatest common factor of 346 and 594601.
173
What is the highest common factor of 594 and 20064?
66
Calculate the greatest common divisor of 1008 and 238464.
144
Calculate the greatest common factor of 938 and 8576.
134
What is the highest common factor of 537882 and 12?
6
What is the greatest common divisor of 2628 and 2394?
18
What is the greatest common factor of 9840 and 358320?
240
What is the greatest common factor of 57 and 8455?
19
What is the greatest common divisor of 2476 and 8?
4
What is the greatest common factor of 126829 and 848?
53
Calculate the greatest common divisor of 428568 and 280.
56
What is the greatest common factor of 2436 and 185890?
58
Calculate the greatest common factor of 44 and 191939.
11
What is the greatest common factor of 91261 and 263?
263
Calculate the highest common divisor of 1227 and 867.
3
What is the highest common factor of 5479 and 3?
1
What is the greatest common divisor of 2928 and 22560?
48
Calculate the greatest common factor of 459 and 5373.
27
Calculate the greatest common factor of 624 and 9888.
48
What is the greatest common divisor of 14 and 18742?
2
What is the greatest common divisor of 146445 and 195?
195
Calculate the greatest common factor of 4728 and 328.
8
What is the greatest common divisor of 11615 and 818100?
505
What is the greatest common factor of 26001 and 54?
27
What is the greatest common divisor of 2982189 and 42?
21
Calculate the highest common divisor of 923 and 1937.
13
What is the highest common factor of 46 and 9360?
2
Calculate the greatest common divisor of 168 and 25788.
84
Calculate the highest common factor of 644 and 1068.
4
What is the greatest common factor of 603 and 11993?
67
Calculate the highest common factor of 211856 and 8.
8
What is the greatest common factor of 133 and 9076851?
133
What is the greatest common factor of 570832 and 32?
16
Calculate the highest common divisor of 192 and 57948.
12
Calculate the highest common factor of 18901 and 656.
41
What is the highest common divisor of 177702 and 28?
14
Calculate the greatest common factor of 46 and 2.
2
Calculate the highest common factor of 5 and 4045.
5
Calculate the highest common factor of 4202 and 46986.
382
Calculate the greatest common factor of 73341 and 522.
261
What is the greatest common factor of 20 and 4404160?
20
Calculate the greatest common factor of 428 and 84209.
107
What is the greatest common factor of 1068 and 444?
12
What is the greatest common factor of 32216 and 1208?
8
What is the greatest common factor of 42867 and 891?
99
What is the highest common factor of 536789 and 11?
11
Calculate the highest common factor of 54249 and 2873.
169
What is the greatest common factor of 149510 and 20?
10
What is the greatest common divisor of 420 and 2373?
21
What is the highest common divisor of 5696 and 23552?
64
Calculate the highest common factor of 31279 and 93.
31
What is the greatest common divisor of 566021 and 94?
47
Calculate the greatest common factor of 280896 and 1197.
399
What is the highest common divisor of 81 and 83736?
9
Calculate the greatest common divisor of 45558 and 126.
18
What is the greatest common divisor of 931 and 76?
19
What is the highest common divisor of 333 and 231879?
111
Calculate the greatest common divisor of 4063 and 12495.
17
What is the highest common divisor of 2214 and 189?
27
Calculate the greatest common factor of 1848 and 41559.
21
What is the greatest common divisor of 10166 and 72046?
442
Calculate the greatest common factor of 696 and 41528.
232
Calculate the highest common divisor of 5911 and 514.
257
What is the highest common factor of 139180 and 100?
20
What is the greatest common divisor of 2674 and 6538?
14
Calculate the greatest common divisor of 40002 and 8814.
678
Calculate the highest common factor of 8215 and 7685.
265
Calculate the highest common divisor of 2080 and 18616.
104
What is the highest common factor of 38065 and 35?
5
Calculate the greatest common factor of 4418 and 5734.
94
What is the greatest common factor of 521556 and 56?
28
What is the greatest common divisor of 702 and 818298?
234
What is the greatest common divisor of 3792652 and 1432?
716
What is the greatest common divisor of 314749 and 701?
701
What is the highest common divisor of 3560160 and 480?
480
What is the highest common factor of 963 and 211432?
107
What is the greatest common divisor of 1100 and 3410?
110
Calculate the highest common divisor of 21609 and 588.
147
What is the highest common divisor of 129608 and 238?
34
Calculate the highest common factor of 1007 and 2641.
19
Calculate the greatest common divisor of 268 and 376674.
134
What is the highest common factor of 972 and 62937?
243
What is the greatest common divisor of 12504 and 226114?
1042
What is the greatest common factor of 120 and 773840?
40
Calculate the greatest common divisor of 9 and 2531.
1
What is the greatest common factor of 3468530 and 130?
130
What is the greatest common divisor of 7112394 and 108?
54
Calculate the highest common factor of 143514 and 296877.
1407
Calculate the highest common divisor of 18837 and 7176.
897
Calculate the greatest common factor of 1157 and 637.
13
Calculate the highest common factor of 11096 and 30248.
152
What is the highest common divisor of 315 and 639?
9
Calculate the highest common divisor of 3 and 492213.
3
What is the greatest common factor of 4 and 7012?
4
Calculate the highest common factor of 192 and 4707264.
192
Calculate the greatest common divisor of 3267 and 462.
33
What is the highest common factor of 113113 and 117?
13
What is the highest common divisor of 240825 and 3800?
475
Calculate the highest common factor of 242158 and 3430.
686
Calculate the greatest common divisor of 116377 and 145.
29
Calculate the highest common factor of 23 and 6225617.
23
Calculate the highest common divisor of 14513 and 22716.
631
Calculate the highest common factor of 22650 and 1208.
302
What is the greatest common factor of 8102048 and 47?
47
Calculate the greatest common factor of 78 and 228264.
6
What is the greatest common factor of 21 and 7974771?
21
Cal